{"id":19,"date":"2025-11-25T16:25:36","date_gmt":"2025-11-25T16:25:36","guid":{"rendered":"https:\/\/drohnenservice-cottbus.de\/?page_id=19"},"modified":"2025-11-26T15:41:02","modified_gmt":"2025-11-26T15:41:02","slug":"inspektionsfluege-infrastrukturkontrollen","status":"publish","type":"page","link":"https:\/\/drohnenservice-cottbus.de\/index.php\/inspektionsfluege-infrastrukturkontrollen\/","title":{"rendered":"Inspektionsfl\u00fcge &amp; Infrastrukturkontrollen"},"content":{"rendered":"\t\t<div data-elementor-type=\"wp-page\" data-elementor-id=\"19\" class=\"elementor elementor-19\" data-elementor-post-type=\"page\">\n\t\t\t\t<div class=\"elementor-element elementor-element-3c80669 e-flex e-con-boxed e-con e-parent\" data-id=\"3c80669\" data-element_type=\"container\" data-settings=\"{&quot;background_background&quot;:&quot;classic&quot;}\">\n\t\t\t\t\t<div class=\"e-con-inner\">\n\t\t\t\t<div class=\"elementor-element elementor-element-b8c1928 elementor-invisible elementor-widget elementor-widget-heading\" data-id=\"b8c1928\" data-element_type=\"widget\" data-settings=\"{&quot;_animation&quot;:&quot;fadeInDown&quot;}\" data-widget_type=\"heading.default\">\n\t\t\t\t\t<h2 class=\"elementor-heading-title elementor-size-default\">Mit Drohnen fr\u00fchzeitig Sch\u00e4den bzw. Schwachstellen oder Risiken entdecken<\/h2>\t\t\t\t<\/div>\n\t\t\t\t<div class=\"elementor-element elementor-element-8ab9a21 elementor-invisible elementor-widget elementor-widget-heading\" data-id=\"8ab9a21\" data-element_type=\"widget\" data-settings=\"{&quot;_animation&quot;:&quot;fadeInUp&quot;}\" data-widget_type=\"heading.default\">\n\t\t\t\t\t<h1 class=\"elementor-heading-title elementor-size-default\">Drohnen-Inspektionen f\u00fcr Geb\u00e4ude und Infrastruktur \u2013 Effizient und sicher<\/h1>\t\t\t\t<\/div>\n\t\t\t\t\t<\/div>\n\t\t\t\t<\/div>\n\t\t<div class=\"elementor-element elementor-element-016da1f e-con-full e-flex e-con e-parent\" data-id=\"016da1f\" data-element_type=\"container\" data-settings=\"{&quot;background_background&quot;:&quot;gradient&quot;}\">\n\t\t<div class=\"elementor-element elementor-element-cf68768 e-con-full e-flex e-con e-child\" data-id=\"cf68768\" data-element_type=\"container\" data-settings=\"{&quot;background_background&quot;:&quot;gradient&quot;}\">\n\t\t\t\t<div class=\"elementor-element elementor-element-4761a91 elementor-widget elementor-widget-image\" data-id=\"4761a91\" data-element_type=\"widget\" data-widget_type=\"image.default\">\n\t\t\t\t\t\t\t\t\t\t\t\t\t\t\t<img fetchpriority=\"high\" decoding=\"async\" width=\"1025\" height=\"768\" src=\"https:\/\/drohnenservice-cottbus.de\/wp-content\/uploads\/2025\/11\/17.jpg\" class=\"attachment-full size-full wp-image-62\" alt=\"Ein modernes Geb\u00e4ude mit Flachdach in einer l\u00e4ndlichen Umgebung. Das Geb\u00e4ude hat eine moderne Architektur.\" srcset=\"https:\/\/drohnenservice-cottbus.de\/wp-content\/uploads\/2025\/11\/17.jpg 1025w, https:\/\/drohnenservice-cottbus.de\/wp-content\/uploads\/2025\/11\/17-300x225.jpg 300w, https:\/\/drohnenservice-cottbus.de\/wp-content\/uploads\/2025\/11\/17-768x575.jpg 768w\" sizes=\"(max-width: 1025px) 100vw, 1025px\" \/>\t\t\t\t\t\t\t\t\t\t\t\t\t\t\t<\/div>\n\t\t\t\t<\/div>\n\t\t<div class=\"elementor-element elementor-element-efd8b0c e-con-full e-flex e-con e-child\" data-id=\"efd8b0c\" data-element_type=\"container\" data-settings=\"{&quot;background_background&quot;:&quot;classic&quot;}\">\n\t\t\t\t<div class=\"elementor-element elementor-element-569f4b1 elementor-widget elementor-widget-text-editor\" data-id=\"569f4b1\" data-element_type=\"widget\" data-widget_type=\"text-editor.default\">\n\t\t\t\t\t\t\t\t\t<p>Auf dieser Seite erfahren Sie, wie wir mit unseren Drohnen Inspektionsfl\u00fcge durchf\u00fchren, um Geb\u00e4ude, D\u00e4cher, Trassen und andere Infrastrukturen zu \u00fcberpr\u00fcfen. Unsere Luftbilder helfen Ihnen, den Zustand Ihrer Anlagen effizient zu dokumentieren.<\/p>\t\t\t\t\t\t\t\t<\/div>\n\t\t<div class=\"elementor-element elementor-element-f58f430 e-con-full e-flex e-con e-child\" data-id=\"f58f430\" data-element_type=\"container\" data-settings=\"{&quot;background_background&quot;:&quot;classic&quot;}\">\n\t\t\t\t<div class=\"elementor-element elementor-element-63f3345 animated-slow elementor-invisible elementor-widget elementor-widget-heading\" data-id=\"63f3345\" data-element_type=\"widget\" data-settings=\"{&quot;_animation&quot;:&quot;fadeInUp&quot;,&quot;_animation_delay&quot;:&quot;0.8&quot;}\" data-widget_type=\"heading.default\">\n\t\t\t\t\t<h2 class=\"elementor-heading-title elementor-size-default\">Was wir f\u00fcr Sie tun k\u00f6nnen<\/h2>\t\t\t\t<\/div>\n\t\t\t\t<\/div>\n\t\t\t\t<\/div>\n\t\t\t\t<\/div>\n\t\t<div class=\"elementor-element elementor-element-60e18e4 e-con-full e-flex e-con e-parent\" data-id=\"60e18e4\" data-element_type=\"container\">\n\t\t\t\t<div class=\"elementor-element elementor-element-f2dc856 elementor-widget__width-initial elementor-widget-mobile__width-inherit elementor-widget elementor-widget-icon-box\" data-id=\"f2dc856\" data-element_type=\"widget\" data-widget_type=\"icon-box.default\">\n\t\t\t\t\t\t\t<div class=\"elementor-icon-box-wrapper\">\n\n\t\t\t\n\t\t\t\t\t\t<div class=\"elementor-icon-box-content\">\n\n\t\t\t\t\t\t\t\t\t<h3 class=\"elementor-icon-box-title\">\n\t\t\t\t\t\t<span  >\n\t\t\t\t\t\t\tInspektion von D\u00e4chern und Fassaden\t\t\t\t\t\t<\/span>\n\t\t\t\t\t<\/h3>\n\t\t\t\t\n\t\t\t\t\t\t\t\t\t<p class=\"elementor-icon-box-description\">\n\t\t\t\t\t\tUnsere Drohnen liefern Ihnen hochaufl\u00f6sende Bilder, mit denen Sie D\u00e4cher, Fassaden und Solaranlagen sicher inspizieren k\u00f6nnen. So erkennen Sie Sch\u00e4den fr\u00fchzeitig, ohne dass ein Ger\u00fcst n\u00f6tig ist.\t\t\t\t\t<\/p>\n\t\t\t\t\n\t\t\t<\/div>\n\t\t\t\n\t\t<\/div>\n\t\t\t\t\t\t<\/div>\n\t\t\t\t<div class=\"elementor-element elementor-element-d4e6568 elementor-widget__width-initial elementor-widget-mobile__width-inherit elementor-widget elementor-widget-icon-box\" data-id=\"d4e6568\" data-element_type=\"widget\" data-widget_type=\"icon-box.default\">\n\t\t\t\t\t\t\t<div class=\"elementor-icon-box-wrapper\">\n\n\t\t\t\n\t\t\t\t\t\t<div class=\"elementor-icon-box-content\">\n\n\t\t\t\t\t\t\t\t\t<h3 class=\"elementor-icon-box-title\">\n\t\t\t\t\t\t<span  >\n\t\t\t\t\t\t\t\u00dcberwachung von Trassen und Leitungen\t\t\t\t\t\t<\/span>\n\t\t\t\t\t<\/h3>\n\t\t\t\t\n\t\t\t\t\t\t\t\t\t<p class=\"elementor-icon-box-description\">\n\t\t\t\t\t\tWir kontrollieren Leitungen, Stra\u00dfen, Kabeltrassen oder andere Infrastruktur aus der Luft. Mit unseren Drohnen erkennen Sie schnell eventuelle Besch\u00e4digungen oder Bewuchs.\t\t\t\t\t<\/p>\n\t\t\t\t\n\t\t\t<\/div>\n\t\t\t\n\t\t<\/div>\n\t\t\t\t\t\t<\/div>\n\t\t\t\t<div class=\"elementor-element elementor-element-b6242b2 elementor-widget__width-initial elementor-widget-mobile__width-inherit elementor-widget elementor-widget-icon-box\" data-id=\"b6242b2\" data-element_type=\"widget\" data-widget_type=\"icon-box.default\">\n\t\t\t\t\t\t\t<div class=\"elementor-icon-box-wrapper\">\n\n\t\t\t\n\t\t\t\t\t\t<div class=\"elementor-icon-box-content\">\n\n\t\t\t\t\t\t\t\t\t<h3 class=\"elementor-icon-box-title\">\n\t\t\t\t\t\t<span  >\n\t\t\t\t\t\t\tInspektionsfl\u00fcge f\u00fcr Gutachter\t\t\t\t\t\t<\/span>\n\t\t\t\t\t<\/h3>\n\t\t\t\t\n\t\t\t\t\t\t\t\t\t<p class=\"elementor-icon-box-description\">\n\t\t\t\t\t\tGutachter und Sachverst\u00e4ndige nutzen unsere Drohnenaufnahmen, um Zust\u00e4nde zu dokumentieren und Gutachten zu erstellen. Das spart Zeit und erh\u00f6ht die Genauigkeit.\t\t\t\t\t<\/p>\n\t\t\t\t\n\t\t\t<\/div>\n\t\t\t\n\t\t<\/div>\n\t\t\t\t\t\t<\/div>\n\t\t\t\t<\/div>\n\t\t<div class=\"elementor-element elementor-element-f66d1d1 e-flex e-con-boxed e-con e-parent\" data-id=\"f66d1d1\" data-element_type=\"container\">\n\t\t\t\t\t<div class=\"e-con-inner\">\n\t\t\t\t<div class=\"elementor-element elementor-element-c114bff animated-slow elementor-invisible elementor-widget elementor-widget-heading\" data-id=\"c114bff\" data-element_type=\"widget\" data-settings=\"{&quot;_animation&quot;:&quot;fadeInUp&quot;,&quot;_animation_delay&quot;:&quot;0.8&quot;}\" data-widget_type=\"heading.default\">\n\t\t\t\t\t<h2 class=\"elementor-heading-title elementor-size-default\">Was wir f\u00fcr Sie tun k\u00f6nnen<\/h2>\t\t\t\t<\/div>\n\t\t\t\t\t<\/div>\n\t\t\t\t<\/div>\n\t\t<div class=\"elementor-element elementor-element-0563d60 e-con-full e-flex e-con e-parent\" data-id=\"0563d60\" data-element_type=\"container\">\n\t\t\t\t<div class=\"elementor-element elementor-element-3c6ea02 elementor-widget__width-initial elementor-widget-mobile__width-inherit elementor-widget elementor-widget-icon-box\" data-id=\"3c6ea02\" data-element_type=\"widget\" data-widget_type=\"icon-box.default\">\n\t\t\t\t\t\t\t<div class=\"elementor-icon-box-wrapper\">\n\n\t\t\t\n\t\t\t\t\t\t<div class=\"elementor-icon-box-content\">\n\n\t\t\t\t\t\t\t\t\t<h3 class=\"elementor-icon-box-title\">\n\t\t\t\t\t\t<span  >\n\t\t\t\t\t\t\tSicherheit und Effizienz\t\t\t\t\t\t<\/span>\n\t\t\t\t\t<\/h3>\n\t\t\t\t\n\t\t\t\t\t\t\t\t\t<p class=\"elementor-icon-box-description\">\n\t\t\t\t\t\tMit Drohneninspektionen reduzieren Sie Risiken f\u00fcr Personal und sparen Zeit bei der \u00dcberpr\u00fcfung.\t\t\t\t\t<\/p>\n\t\t\t\t\n\t\t\t<\/div>\n\t\t\t\n\t\t<\/div>\n\t\t\t\t\t\t<\/div>\n\t\t\t\t<div class=\"elementor-element elementor-element-5787e0d elementor-widget__width-initial elementor-widget-mobile__width-inherit elementor-widget elementor-widget-icon-box\" data-id=\"5787e0d\" data-element_type=\"widget\" data-widget_type=\"icon-box.default\">\n\t\t\t\t\t\t\t<div class=\"elementor-icon-box-wrapper\">\n\n\t\t\t\n\t\t\t\t\t\t<div class=\"elementor-icon-box-content\">\n\n\t\t\t\t\t\t\t\t\t<h3 class=\"elementor-icon-box-title\">\n\t\t\t\t\t\t<span  >\n\t\t\t\t\t\t\tHohe Bildqualit\u00e4t und Genauigkeit\t\t\t\t\t\t<\/span>\n\t\t\t\t\t<\/h3>\n\t\t\t\t\n\t\t\t\t\t\t\t\t\t<p class=\"elementor-icon-box-description\">\n\t\t\t\t\t\tUnsere Aufnahmen sind gestochen scharf und detailreich.\t\t\t\t\t<\/p>\n\t\t\t\t\n\t\t\t<\/div>\n\t\t\t\n\t\t<\/div>\n\t\t\t\t\t\t<\/div>\n\t\t\t\t<\/div>\n\t\t<div class=\"elementor-element elementor-element-86931a2 e-flex e-con-boxed e-con e-parent\" data-id=\"86931a2\" data-element_type=\"container\">\n\t\t\t\t\t<div class=\"e-con-inner\">\n\t\t\t\t<div class=\"elementor-element elementor-element-84bff66 elementor-align-justify elementor-mobile-align-left elementor-tablet-align-right elementor-widget-mobile__width-inherit elementor-widget elementor-widget-button\" data-id=\"84bff66\" data-element_type=\"widget\" data-widget_type=\"button.default\">\n\t\t\t\t\t\t\t\t\t\t<a class=\"elementor-button elementor-button-link elementor-size-sm elementor-animation-float\" href=\"https:\/\/drohnenservice-cottbus.de\/index.php\/kontakt\/\">\n\t\t\t\t\t\t<span class=\"elementor-button-content-wrapper\">\n\t\t\t\t\t\t\t\t\t<span class=\"elementor-button-text\">M\u00f6chten Sie Ihre Geb\u00e4ude oder Infrastruktur sicher inspizieren lassen? Kontaktieren Sie uns jetzt f\u00fcr eine individuelle Beratung!<\/span>\n\t\t\t\t\t<\/span>\n\t\t\t\t\t<\/a>\n\t\t\t\t\t\t\t\t<\/div>\n\t\t\t\t\t<\/div>\n\t\t\t\t<\/div>\n\t\t\t\t<\/div>\n\t\t","protected":false},"excerpt":{"rendered":"<p>Mit Drohnen fr\u00fchzeitig Sch\u00e4den bzw. Schwachstellen oder Risiken entdecken Drohnen-Inspektionen f\u00fcr Geb\u00e4ude und Infrastruktur \u2013 Effizient und sicher Auf dieser Seite erfahren Sie, wie wir mit unseren Drohnen Inspektionsfl\u00fcge durchf\u00fchren, um Geb\u00e4ude, D\u00e4cher, Trassen und andere Infrastrukturen zu \u00fcberpr\u00fcfen. Unsere Luftbilder helfen Ihnen, den Zustand Ihrer Anlagen effizient zu dokumentieren. Was wir f\u00fcr Sie tun [&hellip;]<\/p>\n","protected":false},"author":1,"featured_media":63,"parent":0,"menu_order":3,"comment_status":"closed","ping_status":"closed","template":"","meta":{"footnotes":""},"class_list":["post-19","page","type-page","status-publish","has-post-thumbnail","hentry"],"_links":{"self":[{"href":"https:\/\/drohnenservice-cottbus.de\/index.php\/wp-json\/wp\/v2\/pages\/19","targetHints":{"allow":["GET"]}}],"collection":[{"href":"https:\/\/drohnenservice-cottbus.de\/index.php\/wp-json\/wp\/v2\/pages"}],"about":[{"href":"https:\/\/drohnenservice-cottbus.de\/index.php\/wp-json\/wp\/v2\/types\/page"}],"author":[{"embeddable":true,"href":"https:\/\/drohnenservice-cottbus.de\/index.php\/wp-json\/wp\/v2\/users\/1"}],"replies":[{"embeddable":true,"href":"https:\/\/drohnenservice-cottbus.de\/index.php\/wp-json\/wp\/v2\/comments?post=19"}],"version-history":[{"count":16,"href":"https:\/\/drohnenservice-cottbus.de\/index.php\/wp-json\/wp\/v2\/pages\/19\/revisions"}],"predecessor-version":[{"id":412,"href":"https:\/\/drohnenservice-cottbus.de\/index.php\/wp-json\/wp\/v2\/pages\/19\/revisions\/412"}],"wp:featuredmedia":[{"embeddable":true,"href":"https:\/\/drohnenservice-cottbus.de\/index.php\/wp-json\/wp\/v2\/media\/63"}],"wp:attachment":[{"href":"https:\/\/drohnenservice-cottbus.de\/index.php\/wp-json\/wp\/v2\/media?parent=19"}],"curies":[{"name":"wp","href":"https:\/\/api.w.org\/{rel}","templated":true}]}}